+ 36 + 40 = 0. Let m = 238 + -109. Let o be m/12 - 1/a. Calculate the greatest common factor of o and 55.
11
Suppose -291 = -4*b - 5*n - 98, 0 = -2*b + 3*n + 69. Calculate the greatest common factor of 105 and b.
21
Let h be 12/(-30) - 87/(-5). Suppose -2*s + h = -31. Calculate the highest common divisor of s and 96.
24
Suppose -6*d = -7*d + 27. Let g be 248/14 - (-4)/14. What is the highest common divisor of g and d?
9
Let u be ((-105)/(-28))/(((-18)/16)/(-3)). Calculate the greatest common factor of u and 50.
10
Let n = 31 + 67. Calculate the highest common factor of n and 14.
14
Suppose -66 = -2*b - 2*f, -2*f - 4 = -0. Let l = -23 + b. What is the highest common factor of l and 132?
12
Suppose 3132 = 5*h - h. Let u = -447 + h. Suppose -r = r - u. Calculate the highest common factor of 21 and r.
21
Let t(d) = -3*d + 4*d + 2*d - 4 + d**2 - 2. Let o be t(4). Let l = -14 + o. Calculate the highest common factor of 20 and l.
4
Suppose 2*s + 62 = -0*m + 4*m, 2*s - 28 = -2*m. What is the greatest common factor of m and 60?
15
Let x = -47 + 15. Let j = -45 - x. Let o = j - -181. What is the greatest common divisor of 21 and o?
21
Let u(q) = -q**3 + q**2 + q - 1. Let p be u(2). Let z = p - -17. Suppose -18 = -4*m + z. What is the greatest common factor of m and 64?
8
Suppose 0*p - p - 8 = 0. Let v be -36*2*2/p. Let s be 69 + 2 - (7 - 8). Calculate the highest common divisor of v and s.
18
Suppose x - 6*x + 830 = 0. Let c = -96 + x. What is the highest common divisor of c and 28?
14
Let y = 31 + 19. What is the highest common divisor of y and 450?
50
Suppose 2*y + 39 = -y. Let t = 18 + y. Suppose t*r = 145 + 55. Calculate the highest common factor of r and 8.
8
Suppose -3*p - 10 = -4*p. What is the greatest common divisor of p and 45?
5
Let h(f) = 0*f + f**3 - 4*f - f**2 + 4*f**2 + 0*f**2. Let c be h(-4). Suppose 4*g + 0 - 24 = c. What is the highest common factor of 3 and g?
3
Let r(m) = -m**3 - 12*m**2 + 11*m + 10. Let z be r(-13). Suppose 2*l - z - 34 = 0. What is the greatest common factor of 5 and l?
5
Let k = -206 + 290. Suppose 3*u - 110 = -2*u. Suppose -2*h = -2 - u. Calculate the greatest common divisor of h and k.
12
Let q be 2/1 - (-3 + 0)*18. What is the greatest common factor of 14 and q?
14
Let p(v) = 9*v + 2. Let d be p(3). Calculate the highest common divisor of 29 and d.
29
Let y be ((-3)/(-6) - 1)*-20. Calculate the highest common divisor of 25 and y.
5
Suppose -10*p = -6*p - 28. Let m = 23 + p. What is the greatest common divisor of 12 and m?
6
Let c(m) = -m**3 - 7*m**2 - 8*m - 9. Let w be c(-6). Let q(t) = t - 1. Let n be q(w). Calculate the highest common factor of n and 3.
1
Let q be 64/6*36/8. Let o be -1 + 0 + 0 + -21. Let p = -10 - o. What is the greatest common factor of p and q?
12
Let j be (-3)/(-2*9/60). Suppose -3*r = -3*y - 4*r + 76, y + 3*r - 28 = 0. What is the greatest common factor of y and j?
5
Suppose 0 = 11*u - 5*u - 60. Calculate the greatest common factor of 20 and u.
10
Let w(h) be the second derivative of 3*h**3/2 - 4*h**2 - h. Let u be w(6). Suppose -2*s + u = -34. Calculate the greatest common factor of s and 20.
20
Suppose -i - 3*v + 13 = 0, 0 = 3*i - 4*v + 4 + 9. Let q be i - (-3 - -2) - 0. Calculate the greatest common divisor of 4 and q.
2
Let y(q) = 7*q**2 + q + 4. Let z be y(3). Suppose 5*f = 5*p + z, 0 = 3*f - 0*f - p - 36. Calculate the highest common divisor of f and 22.
11
Let c(q) = -3*q - 21. Let a be c(-21). Calculate the highest common divisor of a and 6.
6
Suppose 4*q - 252 = q. Suppose -r + 3 + 9 = 0. Calculate the greatest common divisor of r and q.
12
Let a be 10/2*146/5. Let t = a + -98. Calculate the greatest common factor of 12 and t.
12
Let q(s) = s**2 + 6*s - 8. Let y be q(-8). Suppose -7*z = -3*z - 2*l - 360, 5*l + 20 = 0. Calculate the highest common divisor of z and y.
8
Let b be 3 + 1 + (22 - 2). What is the highest common divisor of b and 216?
24
Suppose d + y - 7 = 0, -4*d = 5*y - 5 - 28. Calculate the highest common divisor of 3 and d.
1
Let m = 26 + -21. Suppose -5*u + 179 = m*i - 4*i, 40 = u - 4*i. What is the highest common divisor of u and 24?
12
Let u be 9/2 + 14/4 + -3. What is the highest common divisor of u and 15?
5
Let k(z) = -z**3 + 3*z**2 + 6*z - 6. Let c be k(4). Let u be 3/(-6) - 2/(-4). Suppose -11*o + 15*o - 64 = u. What is the greatest common factor of c and o?
2
Let d = -15 + 17. Suppose -d*l = -4*l + 28. Calculate the highest common factor of l and 154.
14
Let q = -6 - -14. Let i be (-8)/(1/(8/(-2))). Calculate the greatest common factor of q and i.
8
Let d = 265 - 185. What is the greatest common divisor of 200 and d?
40
Let t = 499 + -355. What is the greatest common factor of t and 36?
36
Let p = -10 - 3. Let o = p - -31. What is the highest common divisor of o and 72?
18
Suppose -121 = -5*x - q - 0*q, -2*q = -5*x + 133. Let r be (25*(-1 - 0))/(-1). What is the greatest common divisor of r and x?
25
Let j = -36 + 90. Calculate the greatest common factor of 18 and j.
18
Let y(t) = t**3 - t**2 - 2*t + 15. Let c be y(0). Calculate the highest common divisor of c and 45.
15
Suppose z - 3*q = 10, -4*z = 3*q - q - 12. Let y be 3/(-6*2/(-16)). Calculate the greatest common divisor of y and z.
4
Suppose -x + 13 = -3*h, 3*x + x = -5*h + 86. What is the highest common factor of 95 and x?
19
Let l(x) = 16*x + 12. Let b be l(4). What is the highest common factor of 114 and b?
38
Let o(s) = s**3 + 9*s**2 - 10*s + 6. Let y be o(-10). Let w = 17 - y. What is the highest common factor of 33 and w?
11
Let y be 1 + 13/1 + (-11)/(-11). What is the highest common factor of y and 105?
15
Suppose 4*k - 111 - 169 = 0. Suppose 6*d + 30 = d. Let i = d + 16. What is the greatest common factor of k and i?
10
Suppose 3 + 1 = o. Suppose -5*y + j + 153 = -o*y, 0 = 5*y + 5*j - 735. What is the greatest common factor of 15 and y?
15
Suppose -33 = -6*v + 39. Calculate the highest common factor of v and 36.
12
Let g = 110 - -50. Let p = 16 - 0. Calculate the greatest common divisor of g and p.
16
Let f be (-4)/(-2) - (-126 - 0). Suppose 0*t - 8*t + 128 = 0. Calculate the greatest common factor of t and f.
16
Let c = -192 - -291. Let q = c + -59. What is the greatest common divisor of q and 16?
8
Let q = -94 + 104. Calculate the highest common factor of 30 and q.
10
Let l = -3 - -26. What is the greatest common divisor of 253 and l?
23
Suppose -4*i - 5*h + 3*h + 46 = 0, 0 = 5*h - 25. What is the greatest common factor of 36 and i?
9
Let v(m) = 3*m + 2. Suppose 4*w - 2*w - 8 = -5*b, 0 = b + 4*w + 2. Let r be v(b). Calculate the greatest common divisor of r and 8.
8
Let i = -17 - -29. Suppose 2*d - 3*d - i = 0. Let o = -3 - d. What is the greatest common divisor of o and 18?
9
Let a(h) = -2*h - 4. Let t be a(-3). Let v be t - (3 + -1) - -12. Calculate the highest common divisor of v and 12.
12
Let u be (-4)/(-10) + (-12)/(-20). Suppose 3*d - 12 = 0, 0 = -g - d - u + 20. Calculate the highest common divisor of g and 30.
15
Let n = 5 + -8. Let p = 10 + n. What is the greatest common factor of p and 21?
7
Let l be 2554/(-10) + (-6)/10. Let b be (15/(-4))/(12/l). Let t = 36 - 20. Calculate the greatest common divisor of b and t.
16
Let i = 23 - 22. Calculate the highest common divisor of i and 1.
1
Let k(w) = w**3 - 6*w**2 - 2*w + 6. Let u be k(6). Let z(m) = -m**2 - 6*m + 8. Let t be z(u). What is the highest common divisor of t and 72?
8
Let u be 10/2*(-2 - -3). Suppose z + 344 = u*z + 4*s, 4*z = 4*s + 328. Calculate the greatest common divisor of 12 and z.
12
Let k(s) = s**2 - 3*s - 2. Let g be k(4). Suppose g*z - 4 = 4. Calculate the highest common divisor of z and 6.
2
Suppose -13*q = -8*q + 105. Let v be (18/(-4))/(q/28). Suppose j + 0 = g - 1, 7 = 2*g + 3*j. What is the greatest common divisor of g and v?
2
Let l be 6/4 + 3/2. Suppose -g - 28 = -5*b + g, l*b + 3*g = 21. Let v = -31 - -43. What is the greatest common divisor of v and b?
6
Let i = -68 - -157. Let t = i - 53. What is the greatest common divisor of t and 4?
4
Suppose 5*k - 20 = 2*m + 1, -2*m + 9 = k. Let i be 2/((3 - 1) + 0). What is the greatest common divisor of i and k?
1
Let o = -3 + 24. Suppose 0 = 2*y + 3*b - 91, 7 + o = y - 2*b. Calculate the greatest common divisor of 19 and y.
19
Let r = 64 + -14. Let x = -11 + 1